est common divisor of f and 11?
11
Suppose 34 + 165 = 2*m + 5*c, -5*m = -4*c - 514. What is the highest common factor of 5 and m?
1
Let g be 739168/56 - 7/(147/(-12)). Suppose g = 15*c + 7*c. Calculate the highest common factor of c and 24.
24
Let w be (-6)/8 - (-3504)/64. Let d = -88 - -94. Calculate the highest common divisor of d and w.
6
Let q be (3 - 7)*1/(-2)*1. Let l(h) = h**3 - 2*h**2 - 16*h + 16. Let m be l(5). Calculate the greatest common divisor of q and m.
1
Let z = -331 - -337. Let c = -54 - -690. Calculate the highest common divisor of c and z.
6
Let p = 6347 - 6281. What is the highest common divisor of 7689 and p?
33
Suppose -2*j = -4*q - 207 + 47, -2*j + 3*q + 160 = 0. Calculate the highest common factor of 11 and j.
1
Let l = 58 + -29. Suppose 171*a = 170*a + l. What is the greatest common divisor of 551 and a?
29
Suppose 217 = 46*y + 79. Let o be (-1)/(-3) + 4967/y. What is the greatest common factor of 69 and o?
69
Let k be (123 + -7)*(-1 - -2). What is the highest common factor of k and 13166?
58
Let u be -1*(-11 + (-4)/(-2)). Let t(p) = 3*p + 6 - 3 - 24 + 7. Let s be t(u). Calculate the greatest common factor of 65 and s.
13
Let l(o) = -o**3 + 9*o**2 + 11*o - 52. Let h be l(8). Calculate the greatest common factor of 340 and h.
20
Let z = 47 - 43. Suppose -5*r + 7 = -z*o, 5*o + 2 = 2*r + 6. Suppose 41 - 3 = o*f. What is the greatest common factor of f and 171?
19
Let v(y) = -12 - y**3 + 84*y**2 + 4*y - 148*y**2 + 71*y**2. Let m be v(7). What is the highest common divisor of m and 200?
8
Let s be (-8)/16 - -586*(-185)/(-20). What is the highest common divisor of s and 40?
20
Let b be (1569 - 1571)*(1 + (-7)/1). What is the greatest common factor of 32388 and b?
12
Suppose 42128 = 104*g - 67*g - 33611. Calculate the highest common divisor of g and 178.
89
Let g(w) = 3*w**2 - 12*w - 6. Let q be g(6). Let b be ((-5)/2)/(123/18 + -7). Calculate the greatest common divisor of q and b.
15
Suppose -2*x + c + 0 = -23, -2*x = 2*c - 8. What is the greatest common factor of x and 11673?
9
Suppose 15 + 0 = 5*n. Suppose n*q + 15 - 57 = 0. Suppose -5*v + 31 = -q. What is the highest common divisor of 36 and v?
9
Let w = -32 + 35. Suppose -w*v - 48 = -6*v. Let d be -32*(-1 - 3 - -2). Calculate the highest common factor of v and d.
16
Let r be ((-4)/1)/12 - 310/15. Let u be 66*(r/(-18) - 1). Calculate the greatest common divisor of u and 44.
11
Suppose -71*z + 29722 = -227774 + 19362. What is the greatest common factor of z and 26?
26
Suppose -54 = -3*g - 4*k - 19, -5*g - 4*k = -61. Suppose 4 = -g*y + 15*y. Suppose -12 = -4*v - 0, 5*v + 17 = y*f. What is the highest common factor of 16 and f?
16
Let d = -7668 - -7630. Suppose -5*i + 314 = l, -3*l = -i + 33 + 17. Let z = d + i. Calculate the greatest common factor of z and 96.
24
Suppose 4*w - 27 = -5*c + 6, 25 = 5*c. Suppose -424*d + 427*d - 9 = 0. Suppose -w*n = -d*n + 1. Calculate the greatest common factor of 5 and n.
1
Suppose -4340 = -5*v - 4*i + 2676, -3*i = 6*v - 8430. What is the greatest common factor of v and 176?
176
Let v(h) = -h**2 - 2*h - 3. Let q be v(-5). Let i = q + 20. Suppose -i*m - 22 = -4*m. What is the greatest common factor of m and 99?
11
Suppose 54*i + 2320 = -40394. Let q = -589 - i. What is the greatest common divisor of 707 and q?
101
Let t(d) = -d**2 + 77*d - 833. Let u be t(20). Calculate the greatest common factor of 9824 and u.
307
Let v be 5*(-280)/75*-24. Let d = v - 443. Let c(h) = -41*h - 1. Let i be c(-1). What is the highest common divisor of d and i?
5
Let a = 262 - 260. Suppose 0 = -4*m - a*i + 140, -3*i + 42 = m - 6*i. What is the greatest common divisor of m and 24?
12
Let q be (-1*(1 - 0))/(92/(-368)). Suppose t = q*y + 104, -170 = -2*t + 5*y + 50. What is the highest common divisor of 15 and t?
15
Let f = -367150 + 367198. Let c be -4*(-2)/4 - -214. What is the greatest common divisor of f and c?
24
Suppose 4*w + 5*l = 1155, -l + 320 = w + 30. Let v = w - 80. Calculate the greatest common divisor of v and 5.
5
Let n(a) = -2*a**3 - 5*a**2 + 4*a + 5. Let x be n(-6). Let b = x - 195. What is the highest common divisor of b and 38?
38
Let p be (-14)/(-133) - (-24949)/(-19). Let y = -737 - p. What is the highest common divisor of 36 and y?
36
Suppose 2*c - 245 = p, -3*c = p - 0*p + 225. Let q = -167 - p. Calculate the highest common factor of 70 and q.
70
Let l(r) = -16*r + 121. Let w be 76*(78/(-24))/13. Let j be l(w). What is the highest common divisor of j and 34?
17
Let q(a) = 16*a**2 - a - 4. Let v be q(-3). Let l(j) = -j**3 - 6*j**2 + 93*j + 627. Let x be l(-8). Calculate the highest common divisor of v and x.
11
Let d be ((-32)/(-5))/(16/120). Let l be (32/2 - 1)*(-216)/(-30). Calculate the greatest common divisor of l and d.
12
Let i = 32 + -30. Suppose u = -5*g - 251, -2*u + 133 + 28 = -3*g. Let r be g/85 + 62/20*6. What is the highest common divisor of i and r?
2
Let i = -80 - -80. Suppose -t - 3*m - 10 = i, -5*t - 2*m - 102 = -0*m. Let x = t - -47. Calculate the greatest common factor of x and 5.
5
Suppose 0 = -5*p - 203 + 243. Let n(s) = s**2 - s + 22. Let z be n(0). Let t = z - -74. Calculate the greatest common divisor of t and p.
8
Suppose 2*o + l = -0*o + 1374, -2*l + 12 = 0. Let k = 51 - 15. What is the highest common divisor of o and k?
36
Let m be ((-4)/(-36))/(10/(-12)) + (-89044)/(-30). Calculate the greatest common factor of 224 and m.
56
Let t = 412 + -597. Let p = -107 - t. What is the greatest common divisor of 6 and p?
6
Suppose -17*a = -5*a - 240. Suppose 6*m + a = 3*m + 4*l, 5*m + l = 5. Suppose -11*g + 13*g - 216 = m. Calculate the highest common divisor of g and 24.
12
Let d be (45/(-10))/((-1)/(-50)). Let b = -222 - d. Let m = 60 - 33. What is the highest common divisor of b and m?
3
Suppose 3*g = 2*r + 2360, 0 = g - 22*r + 17*r - 804. What is the greatest common divisor of 147 and g?
49
Let k = -67210 + 125397. Calculate the highest common divisor of 31 and k.
31
Let o(c) be the second derivative of -c**3/6 + 14*c**2 - 8*c. Let s = -44 + 60. Let a be o(s). What is the greatest common divisor of a and 24?
12
Suppose 9*q - 11*q = 22. Let o(l) = -2*l**3 - 21*l**2 + 10*l + 10. Let p be o(q). Calculate the highest common factor of p and 9.
3
Suppose 56*p = 2*p + 2754. Calculate the highest common divisor of p and 1377.
51
Let y be (-231)/(-15) - (-4)/(-10). Suppose -14*a = -y*a + 30. Suppose 4*m = a - 6. What is the highest common divisor of 4 and m?
2
Let p(s) = s**2 - 16*s + 51. Suppose -3*v - 5*v + 96 = 0. Let a be p(v). What is the greatest common divisor of a and 13?
1
Suppose -147*q + 457 = -131. Suppose 2*c - 2*p - 30 = 0, 35 + 20 = 4*c - 3*p. Calculate the greatest common factor of c and q.
2
Let c be 4*(13 - (-52)/(-8)). Calculate the highest common factor of 195 and c.
13
Let z be 2*(18 - (-434)/28). What is the greatest common factor of z and 67?
67
Suppose 0 = -161*a + 930 + 10823. What is the highest common factor of 10 and a?
1
Let p = 2797 - 1915. Suppose -53 = -2*t + 31. Calculate the highest common factor of p and t.
42
Let f(m) = 7*m + 3417. Let z be f(-15). Calculate the highest common factor of 1008 and z.
144
Let x be 198/15*(4/8 + -2)*-330. Calculate the highest common factor of x and 18.
18
Suppose 8*o = 12*o - 9768. Suppose 0*t = 22*t - o. What is the highest common factor of t and 37?
37
Suppose -p = -3*a + 48, -5*a + 3*p = -2*a - 54. Suppose 83*b - 79*b - 1150 = -5*t, 0 = -4*b - 3*t + 1146. Calculate the highest common divisor of b and a.
15
Suppose 5*f - y - 4872 + 1508 = 0, f = 5*y + 668. Suppose 817 - f = 2*t. Let c be (4 + 1)*(-126)/(-35). What is the greatest common factor of c and t?
18
Suppose 15*a - 19*a = -3*p - 26883, -p + 26895 = 4*a. Suppose 2797 = 35*v - a. What is the greatest common factor of v and 102?
34
Let u(d) = 42*d - 174. Let c be u(6). Calculate the greatest common divisor of c and 2886.
78
Suppose 57*b - 5400 = 17*b. Suppose 15 - b = -4*i. Let d(j) = 6*j - 3. Let u be d(3). Calculate the highest common factor of u and i.
15
Let a(t) = 33*t - 81. Let s be a(6). Suppose -5*i = -5*b - 0*b - 165, 4*i = -b + s. What is the greatest common factor of i and 6?
6
Let z be 306*(1 - 2/(-4)). Let m(f) = -56*f - 1111. Let n be m(-20). Calculate the highest common factor of z and n.